3, 11
Suppose -p - 3*d = -277 + 40, -4*d - 494 = -2*p. Let x = p - 152. What are the prime factors of x?
7, 13
Let k be (-1)/(-4 - 735/(-185)). Suppose -3*c = -76 + k. What are the prime factors of c?
13
Suppose -3*t = -2*t + 3, 0 = 2*g + 2*t - 70. Let u = g - 32. What are the prime factors of u?
2, 3
Let t(w) = w**3 - 12*w - 4*w + 4*w**2 - 11 + 9*w**2. Let v be (-1)/2 + 44/(-8) + -8. What are the prime factors of t(v)?
17
Let a be (-4)/(-2)*25/10. Suppose -4*u + 1 = -5*h + 12, -2*h + a*u + 18 = 0. Let k(p) = 31*p**2 - 1. List the prime factors of k(h).
2, 3, 5
Let i(c) = -96*c + 15. List the prime factors of i(-3).
3, 101
Suppose 0 = 108*g - 107*g - 659. List the prime factors of g.
659
Let c = 159 - -213. List the prime factors of c.
2, 3, 31
Let w = -42 + 41. What are the prime factors of w/((-4)/32) + 4?
2, 3
Let r = -7 + 2. Let p(l) = 5*l**2 + 4*l - 13. List the prime factors of p(r).
2, 23
Suppose -6*t = -t + o - 1142, 10 = 5*o. Suppose -4*n - t = -8*n. Suppose -n = -4*a - 0*f + 3*f, 5*f + 11 = 2*a. List the prime factors of a.
2, 3
Let f(u) = -u**3 + 7*u**2 + 3*u - 9. Let t be f(7). Let k be (26/39)/(2/t). Suppose k*o + 54 = 2*x, x - 3*o + 2 = 33. List the prime factors of x.
19
Let u be -2*(4 + 8/(-4)). List the prime factors of (7 + 5)/((-3)/180*u).
2, 3, 5
Suppose 9153 = 3*h + 6*h. What are the prime factors of h?
3, 113
Let u(z) = 6*z**2 + 2*z - 3. Let d be u(1). Suppose 5*a - 1033 = -3*l + d*l, 2*a - l - 414 = 0. List the prime factors of a.
5, 41
Let j = -16 + 16. Suppose j = -6*m + m + 75. List the prime factors of (-48)/m*(-25)/10.
2
Let k be (-6)/10 + 219/15. Let f be ((-9)/6 - 1)*k. Let q = f - -71. List the prime factors of q.
2, 3
Let r(g) = 47*g - 9. What are the prime factors of r(1)?
2, 19
Let h = -902 + 1803. What are the prime factors of h?
17, 53
Suppose -6*f = -8*f - 2. Let d be (-4)/16 - f/4. Suppose 3*k + d*k = 27. List the prime factors of k.
3
Suppose -44*i = -53*i + 450. Let h be 13 - ((2 - 1) + -2). Let g = i - h. What are the prime factors of g?
2, 3
Let u = -1063 + 1718. List the prime factors of u.
5, 131
Let n be 0 - -1 - (-267)/(-3). Let c = -60 - n. List the prime factors of c.
2, 7
Let x be (-65)/(-20) + 2/(-8). Let c be (-8)/24 - (-13)/x. Suppose -m - m = c*z - 8, 0 = -2*m - 2*z + 14. What are the prime factors of m?
2, 5
Let n(b) = -2*b**2 + b - 8. Let g be n(5). Let d = g - -55. List the prime factors of d.
2
Let c(n) = n. Let p be c(0). Let w(l) = l**2 - l + 1. Let k(j) = -4*j**2 + 3*j - 21. Let d(r) = -k(r) - 3*w(r). List the prime factors of d(p).
2, 3
Let n = 3582 - 2258. List the prime factors of n.
2, 331
Suppose 10 = 4*a + a. Suppose -3*k - a + 8 = 0. Suppose k*m = 15 + 53. List the prime factors of m.
2, 17
Let g(w) = w**3 - 4*w**2 + 3*w - 2. Suppose -5*j - 4*r + 11 + 16 = 0, j + 2*r - 9 = 0. Let i be g(j). Let t = 17 - i. What are the prime factors of t?
19
Suppose 284*m - 288*m = -4236. What are the prime factors of m?
3, 353
Let v(h) be the third derivative of h**4/8 + h**3/6 + 12*h**2. List the prime factors of v(11).
2, 17
Let t = 21 - 11. Suppose -4*s = s - t. Suppose -s*q + 0*z - 3*z + 53 = 0, -2*z = -4*q + 66. List the prime factors of q.
19
Suppose -m + 70 = 4*m. Let h = m - 12. Suppose 0 = -h*f - 4*b + 160 - 22, 129 = 2*f + b. List the prime factors of f.
3, 7
Suppose 127*o - 119*o - 27368 = 0. What are the prime factors of o?
11, 311
Let z(b) be the first derivative of b**4/4 + 7*b**3/3 + b**2 + 4*b + 12. List the prime factors of z(-3).
2, 17
Let v(p) = -86*p - 64. Let o be v(-6). Let h = o - 280. List the prime factors of h.
2, 43
Suppose 6*f = f - 20. Let u be (-212)/(-6) + f/(-6). Let n = -24 + u. List the prime factors of n.
2, 3
Suppose -2*c + 45 = c. Suppose 105 = 5*d - z + 5*z, -d - 2*z = -c. List the prime factors of d.
5
List the prime factors of ((-88)/(-20))/(3/150*5).
2, 11
Let c(d) = -288*d**2 - 7*d - 8. Let q be c(-1). Let f = -134 - q. List the prime factors of f.
5, 31
Suppose -3 = -8*w + 5. Suppose s - 59 + w = -2*f, 0 = -s + 2*f + 66. List the prime factors of s.
2, 31
Suppose 4*a - 8 = 0, -5*l + 48 = -3*a - 31. Suppose 0 = 2*c + l - 7. Let y = c - -12. List the prime factors of y.
7
Suppose -4 = -4*u + 8. Let h be -6*u/12*-2. Suppose 3*q - 9 = 0, 12 = 2*b - 5*q - h. What are the prime factors of b?
3, 5
Suppose -3*o - 125 = -170. List the prime factors of o.
3, 5
Let m(k) = 9*k**2 - 4*k + 19. What are the prime factors of m(14)?
11, 157
Suppose 5*m - 1253 = -4*r, -m = 5*r - 0*m - 1561. Suppose -s = 2*s - r. Suppose -3*p + 0*k + s = k, 147 = 4*p + 3*k. What are the prime factors of p?
3, 11
Let p(k) be the first derivative of -3*k**2/2 - 3*k + 9. Let i be (-1 + -5)*(-3)/(-6). List the prime factors of p(i).
2, 3
Let c(g) be the first derivative of g**3/3 - 3*g**2 - 10*g - 9. What are the prime factors of c(9)?
17
Let m = 71 + -29. Suppose -n = 3*n + 72. Let w = m + n. What are the prime factors of w?
2, 3
Let k(i) = -i**3 - 9*i**2 - 8*i + 5. Let t be k(-8). Let r = 3 + t. Let p = r + 17. What are the prime factors of p?
5
Let v(u) = -7*u - 1. Let d(w) = -10*w - 1. Let k(n) = -5*d(n) + 7*v(n). Let q be k(2). Suppose 10*o - 5*o - 130 = q. List the prime factors of o.
2, 13
Let j be (1 - -3)*10/(-4). Suppose -4*q - q - 30 = -2*r, -3*r + 36 = -3*q. What are the prime factors of j/(-25) + 36/r?
2
Suppose -4*b = -5*b. Let z(g) = g**2 + 2. Let m be z(b). Suppose -2*d + 5*s + 44 = 0, d + s - 11 = -m*s. What are the prime factors of d?
17
Suppose -27 = -2*v - v + 4*b, 0 = 3*v + 2*b - 27. Let i(q) = 10*q - 2 + 2 + 1 - v*q + 30*q**2. List the prime factors of i(-1).
2, 3, 5
List the prime factors of 1 + (-17234)/(-12) - (-49)/(-294).
3, 479
Let b(f) = 4 + f + f + 5*f - f**2. Suppose y + 2*c = -y - 2, -3*y = -3*c - 27. List the prime factors of b(y).
2
Let q be ((-13)/(-26))/(2/624). Let k = 162 - q. List the prime factors of k.
2, 3
Suppose 29*p - 28*p - 5*x = 626, x + 646 = p. List the prime factors of p.
3, 7, 31
Suppose -16 = -3*b + h, -b + 4*b - 26 = -h. Suppose 204 + 2015 = b*j. What are the prime factors of j?
317
Suppose 3*p - 4*w - 150 + 56 = 0, -2*p = -w - 61. List the prime factors of p/(-6)*(-35 - (-1 - -1)).
5, 7
Let t be ((-8)/(-10))/(2/155). Let j = t - 34. What are the prime factors of 4/14 - (-1028)/j?
37
Let p = 259 - -442. List the prime factors of p.
701
Let p = 7 - 3. Suppose p*t = -20 + 160. Let z = 8 + t. What are the prime factors of z?
43
Let c(h) = h**3 - 20*h**2 - 44*h + 3. Let g be c(22). Let w(s) = -7*s + 3 + 2*s**3 + 2*s**2 + 0*s**2 + 6. List the prime factors of w(g).
2, 3, 5
Suppose 0 = -3*r + 3*g - 165, 0*g = -r - 4*g - 45. Let l = 145 + r. What are the prime factors of l?
2, 23
Let p = 1496 - -567. What are the prime factors of p?
2063
Suppose 3*x - 9 = -3*f, 3*f + 2*x - 7 = -3*x. Suppose 2*n - 16 = -f*r, -3*n + 2*r + 55 - 7 = 0. List the prime factors of n.
2, 7
Let h be (-4*2)/((-17)/34). Let p = h + 5. List the prime factors of p.
3, 7
Let j(r) = r**2 + 17*r - 18. Let l be j(-17). Suppose 0 = -5*q - 2*c + 307 + 1746, -4*q + c = -1645. What are the prime factors of (-3)/l + q/18?
23
Suppose 8704 = 11*w + 3. What are the prime factors of w?
7, 113
Suppose 7*t - 3*t = -l + 21, -2*l = -10. Suppose 5*b + 244 = -2*y + 4*y, -478 = -t*y + 5*b. What are the prime factors of y?
3, 13
Suppose 0 = -9*c + 12*c - 9. Suppose 0 = 3*g - 12 + c. Suppose -4*d + d + 18 = g*p, -3*d + 46 = -4*p. What are the prime factors of d?
2, 5
Suppose -w - 4*a = -0*a - 30, 5*a - 55 = -3*w. Suppose -12*p = -w*p + 10. Let m(g) = -3*g - 5. What are the prime factors of m(p)?
2, 5
Suppose 3*n = -2*t + 7499, -5*n + 4982 = -3*n - 3*t. What are the prime factors of n?
11, 227
Suppose -20*o = -24*o + 1396. What are the prime factors of o?
349
Suppose -162*n + 153*n = -540. List the prime factors of n.
2, 3, 5
Let b(m) = 2*m**2 - 8*m + 84. What are the prime factors of b(-11)?
2, 3, 23
Let a(s) = s**2 - 7*s - 4. Let c be a(8). Let d be c*42 - 1/1. Suppose 0*l - 3*f + 33 = l, -d = -4*l - 5*f. List the prime factors of l.
2, 3
Let i = -762 + 1258. List the prime factors of i.
2, 31
Let v = 158 + 1529. What are the prime factors of v?
7, 241
Let c be (-1 - -2) + 3 + -8. Let k be 6/24 - 7/c. Suppose 0 = k*j + 1 - 47. What are the prime factors of j?
23
Let y(w) = -3*w + 4. Let c(f